 is divided by 70?
59
Calculate the remainder when 931 is divided by 310.
1
What is the remainder when 509 is divided by 20?
9
What is the remainder when 2740 is divided by 444?
76
What is the remainder when 583 is divided by 147?
142
What is the remainder when 1069 is divided by 37?
33
Calculate the remainder when 1164 is divided by 73.
69
Calculate the remainder when 576 is divided by 34.
32
What is the remainder when 159 is divided by 19?
7
Calculate the remainder when 85 is divided by 5.
0
What is the remainder when 511 is divided by 84?
7
What is the remainder when 2440 is divided by 306?
298
What is the remainder when 226 is divided by 10?
6
Calculate the remainder when 154 is divided by 32.
26
What is the remainder when 159 is divided by 36?
15
What is the remainder when 2917 is divided by 20?
17
Calculate the remainder when 105 is divided by 45.
15
Calculate the remainder when 14517 is divided by 88.
85
Calculate the remainder when 150 is divided by 14.
10
What is the remainder when 195 is divided by 35?
20
What is the remainder when 47 is divided by 13?
8
What is the remainder when 2505 is divided by 66?
63
What is the remainder when 1548 is divided by 47?
44
What is the remainder when 336 is divided by 88?
72
What is the remainder when 295 is divided by 76?
67
Calculate the remainder when 290 is divided by 160.
130
What is the remainder when 4138 is divided by 28?
22
Calculate the remainder when 161 is divided by 7.
0
What is the remainder when 2497 is divided by 20?
17
What is the remainder when 473 is divided by 19?
17
Calculate the remainder when 146 is divided by 26.
16
Calculate the remainder when 433 is divided by 22.
15
What is the remainder when 6592 is divided by 4?
0
Calculate the remainder when 21419 is divided by 68.
67
What is the remainder when 1049 is divided by 6?
5
Calculate the remainder when 2302 is divided by 14.
6
Calculate the remainder when 41 is divided by 5.
1
What is the remainder when 582 is divided by 2?
0
What is the remainder when 344 is divided by 70?
64
Calculate the remainder when 1537 is divided by 55.
52
Calculate the remainder when 1492 is divided by 18.
16
What is the remainder when 641 is divided by 14?
11
Calculate the remainder when 342 is divided by 58.
52
Calculate the remainder when 905 is divided by 888.
17
What is the remainder when 812 is divided by 288?
236
What is the remainder when 1193 is divided by 6?
5
Calculate the remainder when 28737 is divided by 20.
17
What is the remainder when 3448 is divided by 20?
8
Calculate the remainder when 118 is divided by 1.
0
Calculate the remainder when 561 is divided by 270.
21
Calculate the remainder when 259 is divided by 122.
15
What is the remainder when 281 is divided by 25?
6
Calculate the remainder when 385 is divided by 73.
20
What is the remainder when 185 is divided by 65?
55
What is the remainder when 1221 is divided by 68?
65
What is the remainder when 141 is divided by 78?
63
Calculate the remainder when 1555 is divided by 310.
5
What is the remainder when 444 is divided by 24?
12
What is the remainder when 3670 is divided by 102?
100
What is the remainder when 923 is divided by 154?
153
Calculate the remainder when 164 is divided by 153.
11
What is the remainder when 331 is divided by 107?
10
What is the remainder when 333 is divided by 21?
18
What is the remainder when 31 is divided by 7?
3
What is the remainder when 99 is divided by 6?
3
Calculate the remainder when 19647 is divided by 30.
27
Calculate the remainder when 90 is divided by 7.
6
Calculate the remainder when 2762 is divided by 43.
10
What is the remainder when 6599 is divided by 20?
19
Calculate the remainder when 205 is divided by 15.
10
Calculate the remainder when 107 is divided by 36.
35
Calculate the remainder when 35 is divided by 15.
5
Calculate the remainder when 526 is divided by 48.
46
Calculate the remainder when 744 is divided by 107.
102
Calculate the remainder when 1071 is divided by 228.
159
What is the remainder when 2377 is divided by 788?
13
What is the remainder when 549 is divided by 23?
20
What is the remainder when 1630 is divided by 323?
15
What is the remainder when 7282 is divided by 12?
10
What is the remainder when 1003 is divided by 53?
49
Calculate the remainder when 108 is divided by 28.
24
What is the remainder when 2416 is divided by 41?
38
What is the remainder when 180 is divided by 75?
30
What is the remainder when 1346 is divided by 229?
201
Calculate the remainder when 519 is divided by 132.
123
Calculate the remainder when 593 is divided by 199.
195
What is the remainder when 1847 is divided by 361?
42
What is the remainder when 8819 is divided by 9?
8
What is the remainder when 76 is divided by 7?
6
Calculate the remainder when 3564 is divided by 47.
39
Calculate the remainder when 370 is divided by 78.
58
What is the remainder when 62 is divided by 59?
3
What is the remainder when 1146 is divided by 28?
26
Calculate the remainder when 187 is divided by 97.
90
What is the remainder when 865 is divided by 464?
401
What is the remainder when 418 is divided by 187?
44
What is the remainder when 1111 is divided by 26?
19
What is the remainder when 991 is divided by 329?
4
Calculate the remainder when 4215 is divided by 842.
5
What is the remainder when 289 is divided by 14?
9
Calculate the remainder when 767 is divided by 247.
26
Calculate the remainder when 2153 is divided by 34.
11
What is the remainder when 4688 is divided by 17?
13
What is the remainder when 484 is divided by 45?
34
Calculate the remainder when 402 is divided by 149.
104
What is the remainder when 1644 is divided by 141?
93
What is the remainder when 476 is divided by 258?
218
Calculate the remainder when 465 is divided by 194.
77
Calculate the remainder when 2620 is divided by 61.
58
Calculate the remainder when 247 is divided by 72.
31
What is the remainder when 12767 is divided by 76?
75
Calculate the remainder when 429 is divided by 72.
69
Calculate the remainder when 516 is divided by 265.
251
What is the remainder when 736 is divided by 83?
72
Calculate the remainder when 59 is divided by 40.
19
Calculate the remainder when 260 is divided by 127.
6
What is the remainder when 773 is divided by 25?
23
What is the remainder when 701 is divided by 32?
29
What is the remainder when 10741 is divided by 48?
37
Calculate the remainder when 4637 is divided by 2316.
5
What is the remainder when 1553 is divided by 323?
261
What is the remainder when 321 is divided by 41?
34
What is the remainder when 10 is divided by 2?
0
What is the remainder when 83 is divided by 68?
15
What is the remainder when 373 is divided by 36?
13
What is the remainder when 1894 is divided by 29?
9
What is the remainder when 897 is divided by 15?
12
What is the remainder when 444 is divided by 7?
3
Calculate the remainder when 1647 is divided by 135.
27
What is the remainder when 21691 is divided by 21?
19
Calculate the remainder when 63 is divided by 34.
29
What is the remainder when 235 is divided by 47?
0
What is the remainder when 278 is divided by 99?
80
What is the remainder when 518 is divided by 16?
6
Calculate the remainder when 2658 is divided by 295.
3
What is the remainder when 1918 is divided by 73?
20
What is the remainder when 4512 is divided by 7?
4
Calculate the remainder when 206 is divided by 108.
98
Calculate the remainder when 285 is divided by 24.
21
Calculate the remainder when 1077 is divided by 226.
173
Calculate the remainder when 351 is divided by 46.
29
Calculate the remainder when 2321 is divided by 23.
21
Calculate the remainder when 2878 is divided by 18.
16
What is the remainder when 9124 is divided by 26?
24
Calculate the remainder when 3377 is divided by 18.
11
Calculate the remainder when 1344 is divided by 497.
350
Calculate the remainder when 21 is divided by 10.
1
Calculate the remainder when 128 is divided by 80.
48
What is the remainder when 613 is divided by 27?
19
Calculate the remainder when 369 is divided by 59.
15
Calculate the remainder when 233 is divided by 54.
17
Calculate the remainder when 157 is divided by 76.
5
Calculate the remainder when 15331 is divided by 41.
38
What is the remainder when 15483 is divided by 14?
13
Calculate the rem